{"id":177,"date":"2014-04-22T13:40:46","date_gmt":"2014-04-22T10:40:46","guid":{"rendered":"http:\/\/joelahtmekultuur.ee\/joelahtmerahvamaja\/?page_id=177"},"modified":"2021-12-22T14:24:24","modified_gmt":"2021-12-22T12:24:24","slug":"annabre","status":"publish","type":"page","link":"http:\/\/joelahtmekultuur.ee\/joelahtmerahvamaja\/?page_id=177","title":{"rendered":"AnnabRe"},"content":{"rendered":"<p><strong>Vokaalansambel AnnabRe <\/strong>on 2001. aastast J\u00f5el\u00e4htme Rahvamaja juures tegutsev s\u00f5pruskond,<a href=\"http:\/\/joelahtmekultuur.ee\/joelahtmerahvamaja\/wp-content\/uploads\/sites\/4\/2021\/12\/AnnabRe-2021.jpg\"><img loading=\"lazy\" decoding=\"async\" class=\"alignright wp-image-2069 size-medium\" src=\"http:\/\/joelahtmekultuur.ee\/joelahtmerahvamaja\/wp-content\/uploads\/sites\/4\/2021\/12\/AnnabRe-2021-300x200.jpg\" alt=\"\" width=\"300\" height=\"200\" srcset=\"http:\/\/joelahtmekultuur.ee\/joelahtmerahvamaja\/wp-content\/uploads\/sites\/4\/2021\/12\/AnnabRe-2021-300x200.jpg 300w, http:\/\/joelahtmekultuur.ee\/joelahtmerahvamaja\/wp-content\/uploads\/sites\/4\/2021\/12\/AnnabRe-2021-1024x683.jpg 1024w, http:\/\/joelahtmekultuur.ee\/joelahtmerahvamaja\/wp-content\/uploads\/sites\/4\/2021\/12\/AnnabRe-2021-150x100.jpg 150w, http:\/\/joelahtmekultuur.ee\/joelahtmerahvamaja\/wp-content\/uploads\/sites\/4\/2021\/12\/AnnabRe-2021-768x512.jpg 768w, http:\/\/joelahtmekultuur.ee\/joelahtmerahvamaja\/wp-content\/uploads\/sites\/4\/2021\/12\/AnnabRe-2021-1536x1024.jpg 1536w, http:\/\/joelahtmekultuur.ee\/joelahtmerahvamaja\/wp-content\/uploads\/sites\/4\/2021\/12\/AnnabRe-2021.jpg 2048w\" sizes=\"auto, (max-width: 300px) 100vw, 300px\" \/><\/a> kes esitab <em>a cappella<\/em> muusikat seinast seina: repertuaaris on nii vanamuusikat kui ka p\u00f5nevaid rahvalaulut\u00f6\u00f6tlusi ja moodsaid poplauluseadeid. Ansambel on oma 20 tegevusaasta jooksul tunnustust p\u00e4lvinud v\u00f5istulaulmistel nii Soomes kui ka mitmel pool Eestis. 2013. aasta m\u00e4rtsis v\u00f5itis AnnabRe I Hans Hindpere laulukonkursi segaansamblite kategooria esikoha. J\u00e4rgmise aasta kevadel hindas \u00fcleriigilise vokaalansamblite konkursi \u201eNaissoo laulud\u201d \u017e\u00fcrii ansambli parimaks Uno Naissoo loomingu esitajaks. 2011. aastal ilmus CD-plaat. Ansambli koosseis ja juhid on aja jooksul muutunud, kuid r\u00f5\u00f5m heast muusikast ja seltskonnast on j\u00e4\u00e4nud.<\/p>\n<p>Praegu laulavad AnnabRe ridades Piret Kalmus, Monika M\u00e4nnik, Ester P\u00f5ldma, Silja Moik, Urmas Salu, Erkki Targo, Uku Kerner, Priit P\u00f5ldma ja juhendaja Mait M\u00e4nnik.<\/p>\n<p>Koosk\u00e4imine kaks korda n\u00e4dalas.<br \/>\n<a href=\"https:\/\/et-ee.facebook.com\/pages\/AnnabRe\/295522733809504\">AnnabRe Facebookis<\/a><br \/>\n<a href=\"http:\/\/eestielu.delfi.ee\/eesti\/harjumaa\/joelahtme\/kultuur\/annabre-andis-peterburis-kontserdi.d?id=65049124\">Peterburi kontserdi kajastus<\/a><\/p>\n","protected":false},"excerpt":{"rendered":"<p>Vokaalansambel AnnabRe on 2001. aastast J\u00f5el\u00e4htme Rahvamaja juures tegutsev s\u00f5pruskond, kes esitab a cappella muusikat seinast seina: repertuaaris on nii vanamuusikat kui ka p\u00f5nevaid rahvalaulut\u00f6\u00f6tlusi ja moodsaid poplauluseadeid. Ansambel on oma 20 tegevusaasta jooksul tunnustust p\u00e4lvinud v\u00f5istulaulmistel nii Soomes kui ka mitmel pool Eestis. 2013. aasta m\u00e4rtsis v\u00f5itis AnnabRe I Hans Hindpere laulukonkursi segaansamblite kategooria [&hellip;]<\/p>\n","protected":false},"author":4,"featured_media":0,"parent":0,"menu_order":0,"comment_status":"closed","ping_status":"closed","template":"","meta":{"ngg_post_thumbnail":0,"footnotes":""},"class_list":["post-177","page","type-page","status-publish","hentry"],"_links":{"self":[{"href":"http:\/\/joelahtmekultuur.ee\/joelahtmerahvamaja\/index.php?rest_route=\/wp\/v2\/pages\/177","targetHints":{"allow":["GET"]}}],"collection":[{"href":"http:\/\/joelahtmekultuur.ee\/joelahtmerahvamaja\/index.php?rest_route=\/wp\/v2\/pages"}],"about":[{"href":"http:\/\/joelahtmekultuur.ee\/joelahtmerahvamaja\/index.php?rest_route=\/wp\/v2\/types\/page"}],"author":[{"embeddable":true,"href":"http:\/\/joelahtmekultuur.ee\/joelahtmerahvamaja\/index.php?rest_route=\/wp\/v2\/users\/4"}],"replies":[{"embeddable":true,"href":"http:\/\/joelahtmekultuur.ee\/joelahtmerahvamaja\/index.php?rest_route=%2Fwp%2Fv2%2Fcomments&post=177"}],"version-history":[{"count":14,"href":"http:\/\/joelahtmekultuur.ee\/joelahtmerahvamaja\/index.php?rest_route=\/wp\/v2\/pages\/177\/revisions"}],"predecessor-version":[{"id":2072,"href":"http:\/\/joelahtmekultuur.ee\/joelahtmerahvamaja\/index.php?rest_route=\/wp\/v2\/pages\/177\/revisions\/2072"}],"wp:attachment":[{"href":"http:\/\/joelahtmekultuur.ee\/joelahtmerahvamaja\/index.php?rest_route=%2Fwp%2Fv2%2Fmedia&parent=177"}],"curies":[{"name":"wp","href":"https:\/\/api.w.org\/{rel}","templated":true}]}}