{"id":2545,"date":"2015-10-16T16:08:01","date_gmt":"2015-10-16T13:08:01","guid":{"rendered":"http:\/\/joelahtmekultuur.ee\/mois\/?page_id=2545"},"modified":"2020-11-19T15:15:26","modified_gmt":"2020-11-19T13:15:26","slug":"kook","status":"publish","type":"page","link":"https:\/\/joelahtmekultuur.ee\/mois\/ruumide-rentimine\/ruumid\/kook\/","title":{"rendered":"K\u00f6\u00f6k"},"content":{"rendered":"<p><strong>K\u00f6\u00f6k*<\/strong> asub m\u00f5isa 2. korrusel, p\u00f5randapinda 17,3 m2.<\/p>\n<p>K\u00f6\u00f6ki saab kasutada toitlustusega \u00fcrituste ettevalmistamiseks, toitude, n\u00f5ude jm. hoiustamiseks. K\u00f6\u00f6gis on olemas k\u00fclmkapp, pliit, mikrolaineahi, veekeetja.<\/p>\n<p><a href=\"http:\/\/joelahtmekultuur.ee\/mois\/wp-content\/uploads\/sites\/5\/2015\/10\/21703916449_6c72d2711d_o.jpg\"><img loading=\"lazy\" decoding=\"async\" class=\"alignnone size-full wp-image-2546\" src=\"http:\/\/joelahtmekultuur.ee\/mois\/wp-content\/uploads\/sites\/5\/2015\/10\/21703916449_6c72d2711d_o.jpg\" alt=\"21703916449_6c72d2711d_o\" width=\"1600\" height=\"1068\" srcset=\"https:\/\/joelahtmekultuur.ee\/mois\/wp-content\/uploads\/sites\/5\/2015\/10\/21703916449_6c72d2711d_o.jpg 1600w, https:\/\/joelahtmekultuur.ee\/mois\/wp-content\/uploads\/sites\/5\/2015\/10\/21703916449_6c72d2711d_o-300x200.jpg 300w, https:\/\/joelahtmekultuur.ee\/mois\/wp-content\/uploads\/sites\/5\/2015\/10\/21703916449_6c72d2711d_o-1024x684.jpg 1024w\" sizes=\"auto, (max-width: 1600px) 100vw, 1600px\" \/><\/a><a href=\"http:\/\/joelahtmekultuur.ee\/mois\/wp-content\/uploads\/sites\/5\/2015\/10\/21703910409_b46d539f33_o.jpg\"><img loading=\"lazy\" decoding=\"async\" class=\"alignnone size-full wp-image-2547\" src=\"http:\/\/joelahtmekultuur.ee\/mois\/wp-content\/uploads\/sites\/5\/2015\/10\/21703910409_b46d539f33_o.jpg\" alt=\"21703910409_b46d539f33_o\" width=\"1600\" height=\"1068\" srcset=\"https:\/\/joelahtmekultuur.ee\/mois\/wp-content\/uploads\/sites\/5\/2015\/10\/21703910409_b46d539f33_o.jpg 1600w, https:\/\/joelahtmekultuur.ee\/mois\/wp-content\/uploads\/sites\/5\/2015\/10\/21703910409_b46d539f33_o-300x200.jpg 300w, https:\/\/joelahtmekultuur.ee\/mois\/wp-content\/uploads\/sites\/5\/2015\/10\/21703910409_b46d539f33_o-1024x684.jpg 1024w\" sizes=\"auto, (max-width: 1600px) 100vw, 1600px\" \/><\/a><\/p>\n","protected":false},"excerpt":{"rendered":"<p>K\u00f6\u00f6k* asub m\u00f5isa 2. korrusel, p\u00f5randapinda 17,3 m2. K\u00f6\u00f6ki saab kasutada toitlustusega \u00fcrituste ettevalmistamiseks, toitude, n\u00f5ude jm. hoiustamiseks. K\u00f6\u00f6gis on olemas k\u00fclmkapp, pliit, mikrolaineahi, veekeetja.<\/p>\n","protected":false},"author":6,"featured_media":0,"parent":440,"menu_order":0,"comment_status":"closed","ping_status":"closed","template":"","meta":{"ngg_post_thumbnail":0,"footnotes":""},"class_list":["post-2545","page","type-page","status-publish","hentry"],"_links":{"self":[{"href":"https:\/\/joelahtmekultuur.ee\/mois\/wp-json\/wp\/v2\/pages\/2545","targetHints":{"allow":["GET"]}}],"collection":[{"href":"https:\/\/joelahtmekultuur.ee\/mois\/wp-json\/wp\/v2\/pages"}],"about":[{"href":"https:\/\/joelahtmekultuur.ee\/mois\/wp-json\/wp\/v2\/types\/page"}],"author":[{"embeddable":true,"href":"https:\/\/joelahtmekultuur.ee\/mois\/wp-json\/wp\/v2\/users\/6"}],"replies":[{"embeddable":true,"href":"https:\/\/joelahtmekultuur.ee\/mois\/wp-json\/wp\/v2\/comments?post=2545"}],"version-history":[{"count":3,"href":"https:\/\/joelahtmekultuur.ee\/mois\/wp-json\/wp\/v2\/pages\/2545\/revisions"}],"predecessor-version":[{"id":5857,"href":"https:\/\/joelahtmekultuur.ee\/mois\/wp-json\/wp\/v2\/pages\/2545\/revisions\/5857"}],"up":[{"embeddable":true,"href":"https:\/\/joelahtmekultuur.ee\/mois\/wp-json\/wp\/v2\/pages\/440"}],"wp:attachment":[{"href":"https:\/\/joelahtmekultuur.ee\/mois\/wp-json\/wp\/v2\/media?parent=2545"}],"curies":[{"name":"wp","href":"https:\/\/api.w.org\/{rel}","templated":true}]}}