{"id":6947,"date":"2024-09-24T11:32:31","date_gmt":"2024-09-24T08:32:31","guid":{"rendered":"https:\/\/joelahtmekultuur.ee\/mois\/?page_id=6947"},"modified":"2025-08-26T11:05:33","modified_gmt":"2025-08-26T08:05:33","slug":"showdance-lastele","status":"publish","type":"page","link":"https:\/\/joelahtmekultuur.ee\/mois\/showdance-lastele\/","title":{"rendered":"Showdance lastele"},"content":{"rendered":"<p>SHOWDANCE vanusele 10-15 aastat.<br \/>\n<strong>Alates 4.09.2025 Teisip\u00e4eviti kell 18.00 ja Neljap\u00e4eviti kell 17.00<\/strong> Kostivere Kultuurim\u00f5isas.<\/p>\n<p>Mitmek\u00fclgne ja energiline tantsutrenn, mis koosneb erinevatest tantsustiilidest (latino, linedance, funky, jne).<br \/>\nTrennides \u00f5pime erinevaid koreograafiaid ja naudime improvisatsiooni, et leida \u00fclesse k\u00f5igi osaliste erisused ja tugevad k\u00fcljed. Trenni eesm\u00e4rk on anda lastele hea tuju koos tantsupisikuga, enesekindlust massist erinemiseks ning toredad s\u00f5brad, kellega k\u00f5ike eelnevat jagada ja koos l\u00f5butseda.<br \/>\nJa et trennidele lisada mitmek\u00fclgsust, siis paneme trenniosalisi proovile nii \u00fchiste esinemiste kui ka v\u00f5istlustega.&nbsp;<br \/>\nTrenni jaoks riietu mugavalt, et saaksid vabalt liikuda.<br \/>\nV\u00f5ta kaasa kindlasti vahtusjalan\u00f5ud (soovitatavalt tossud) ning joogivesi.&nbsp;&nbsp;<\/p>\n<p>Tasuta<\/p>\n<p><a href=\"http:\/\/joelahtmekultuur.ee\/mois\/wp-content\/uploads\/sites\/5\/2025\/08\/showdance25kell-18-ja-NELJAPAEVAL-kell-17.jpg\"><img loading=\"lazy\" decoding=\"async\" class=\"alignnone wp-image-7112 size-full\" src=\"http:\/\/joelahtmekultuur.ee\/mois\/wp-content\/uploads\/sites\/5\/2025\/08\/showdance25kell-18-ja-NELJAPAEVAL-kell-17.jpg\" alt=\"\" width=\"1587\" height=\"2245\" srcset=\"https:\/\/joelahtmekultuur.ee\/mois\/wp-content\/uploads\/sites\/5\/2025\/08\/showdance25kell-18-ja-NELJAPAEVAL-kell-17.jpg 1587w, https:\/\/joelahtmekultuur.ee\/mois\/wp-content\/uploads\/sites\/5\/2025\/08\/showdance25kell-18-ja-NELJAPAEVAL-kell-17-212x300.jpg 212w, https:\/\/joelahtmekultuur.ee\/mois\/wp-content\/uploads\/sites\/5\/2025\/08\/showdance25kell-18-ja-NELJAPAEVAL-kell-17-724x1024.jpg 724w, https:\/\/joelahtmekultuur.ee\/mois\/wp-content\/uploads\/sites\/5\/2025\/08\/showdance25kell-18-ja-NELJAPAEVAL-kell-17-768x1086.jpg 768w, https:\/\/joelahtmekultuur.ee\/mois\/wp-content\/uploads\/sites\/5\/2025\/08\/showdance25kell-18-ja-NELJAPAEVAL-kell-17-1086x1536.jpg 1086w, https:\/\/joelahtmekultuur.ee\/mois\/wp-content\/uploads\/sites\/5\/2025\/08\/showdance25kell-18-ja-NELJAPAEVAL-kell-17-1448x2048.jpg 1448w\" sizes=\"auto, (max-width: 1587px) 100vw, 1587px\" \/><\/a><\/p>\n<p>&nbsp;<\/p>\n<p>&nbsp;<\/p>\n","protected":false},"excerpt":{"rendered":"<p>SHOWDANCE vanusele 10-15 aastat. Alates 4.09.2025 Teisip\u00e4eviti kell 18.00 ja Neljap\u00e4eviti kell 17.00 Kostivere Kultuurim\u00f5isas. Mitmek\u00fclgne ja energiline tantsutrenn, mis koosneb erinevatest tantsustiilidest (latino, linedance, funky, jne). Trennides \u00f5pime erinevaid koreograafiaid ja naudime improvisatsiooni, et leida \u00fclesse k\u00f5igi osaliste erisused ja tugevad k\u00fcljed. Trenni eesm\u00e4rk on anda lastele hea tuju koos tantsupisikuga, enesekindlust massist erinemiseks [&hellip;]<\/p>\n","protected":false},"author":19,"featured_media":0,"parent":0,"menu_order":0,"comment_status":"closed","ping_status":"closed","template":"","meta":{"ngg_post_thumbnail":0,"footnotes":""},"class_list":["post-6947","page","type-page","status-publish","hentry"],"_links":{"self":[{"href":"https:\/\/joelahtmekultuur.ee\/mois\/wp-json\/wp\/v2\/pages\/6947","targetHints":{"allow":["GET"]}}],"collection":[{"href":"https:\/\/joelahtmekultuur.ee\/mois\/wp-json\/wp\/v2\/pages"}],"about":[{"href":"https:\/\/joelahtmekultuur.ee\/mois\/wp-json\/wp\/v2\/types\/page"}],"author":[{"embeddable":true,"href":"https:\/\/joelahtmekultuur.ee\/mois\/wp-json\/wp\/v2\/users\/19"}],"replies":[{"embeddable":true,"href":"https:\/\/joelahtmekultuur.ee\/mois\/wp-json\/wp\/v2\/comments?post=6947"}],"version-history":[{"count":5,"href":"https:\/\/joelahtmekultuur.ee\/mois\/wp-json\/wp\/v2\/pages\/6947\/revisions"}],"predecessor-version":[{"id":7113,"href":"https:\/\/joelahtmekultuur.ee\/mois\/wp-json\/wp\/v2\/pages\/6947\/revisions\/7113"}],"wp:attachment":[{"href":"https:\/\/joelahtmekultuur.ee\/mois\/wp-json\/wp\/v2\/media?parent=6947"}],"curies":[{"name":"wp","href":"https:\/\/api.w.org\/{rel}","templated":true}]}}